nd 270?
30
Let m(j) = 8*j**2 - 11*j + 11. Let w be m(6). Suppose 7*r + 93 = w. Calculate the highest common divisor of 10 and r.
10
Let t(b) = 3 + 39*b**2 + b**3 - 17*b**2 - 24*b + 1 + 0. Let p be t(-23). What is the highest common factor of 81 and p?
27
Let n be (-173 + 2)*(3 + -4). Calculate the highest common factor of n and 36.
9
Let t be ((-1)/(-2))/(2/4). Let f be (t - 0)*(-3 - -7). Suppose -3*n + 41 = 5*h, -6*h = n - f*h - 15. Calculate the highest common divisor of 35 and n.
7
Let d = 1540 + -1295. Calculate the highest common factor of d and 140.
35
Suppose 2*u + 6 = 14. Suppose r - 2 = -v + 4, r = u*v - 4. Suppose 16 + 6 = v*y. What is the highest common divisor of 11 and y?
11
Suppose -5*s - s = 0. Suppose s = -4*u + 187 - 47. Calculate the greatest common factor of 7 and u.
7
Suppose -5*t + t + 540 = 0. Suppose -19*j - 16*j = -525. What is the highest common divisor of t and j?
15
Suppose -a - 59 = 2*o, -3*o = o - 4*a + 88. Let x = -25 - o. Let y be x/11 + 546/143. What is the highest common divisor of 44 and y?
4
Let i = -68 - -88. Suppose f - 16 = -w, 0 = f - 0*w + 3*w - i. What is the greatest common divisor of f and 42?
14
Let m be (-4)/(-8) - 45/(-2). Calculate the highest common divisor of 161 and m.
23
Suppose 2*r + 2*h - 4*h = 46, -68 = -3*r + 2*h. Let l = 11769 - 11747. Calculate the greatest common divisor of r and l.
22
Let z be 4284/9 - (1 + -6). Calculate the greatest common divisor of z and 74.
37
Let v be (63/18)/(2/4). Suppose 3*z = 3*x + 3, 0 = 2*x + z + 4*z - 26. Suppose 0*g = -x*g + 21. What is the highest common factor of v and g?
7
Suppose -b + 4*o = -1460, 3*o - 2186 - 789 = -2*b. Calculate the highest common factor of b and 40.
40
Suppose -d + 0*d + 11 = 0. Let r(t) = 549*t + 3986. Let a be r(-7). Calculate the greatest common factor of d and a.
11
Let t be 19 + 2 - (2 - 3). Let l = 89 - 56. Calculate the highest common factor of l and t.
11
Let j = -100 - -238. Let c = 74 - 44. Suppose 2*t - c - j = 0. Calculate the highest common factor of t and 12.
12
Let w(m) = 43*m**3 - 2*m**2 + 1. Let g = -1 + -28. Let v = -28 - g. Let a be w(v). Calculate the highest common factor of 28 and a.
14
Let o = 14 + -12. Suppose -y - 2 = -o*y. Suppose -3*t + 945 = y*t. Calculate the highest common factor of t and 21.
21
Suppose 3*q = 22 + 11. Let t = q - -2. Suppose -210 = -4*a - x, 5*x + 51 - 9 = a. What is the greatest common divisor of a and t?
13
Suppose -83*w + 35*w = -1008. Let k be (-3)/(1/(-14)*2). What is the greatest common factor of k and w?
21
Let l(u) = u + 96. Suppose 3*t + 2*t = 0. Let w be l(t). What is the highest common divisor of 64 and w?
32
Suppose -5*x = -2*p - 1182, -17*x = -18*x + p + 237. What is the greatest common divisor of x and 6?
2
Let s(r) = -r**2 + 34*r - 141. Let v be s(6). Calculate the greatest common divisor of v and 18.
9
Let p = 147 - 31. Suppose 214 = 4*u + 3*r - r, 2*u - 2*r = p. What is the highest common factor of u and 11?
11
Let p = 69 - 101. Let s = p - -62. Suppose 2*a - 7*a + 30 = 0. Calculate the greatest common factor of s and a.
6
Let l = 1525 - 1498. Calculate the greatest common factor of 513 and l.
27
Suppose 0 = -5*y + 10, 0 = 2*n + 3*n - 5*y - 1180. Calculate the greatest common divisor of 14 and n.
14
Let f(j) = j**3 + 15*j**2 - 18*j + 13. Let w be 24*(2 + (-8)/3). Let n be f(w). Let v be 1809/n + 1/(-5). What is the highest common factor of v and 10?
10
Let v be ((-24)/(-15) - 2)*-30. Let s = 132 - 102. What is the highest common divisor of s and v?
6
Let y be (-23)/(4 + ((-861)/(-30))/(-7)). Calculate the highest common divisor of y and 92.
46
Let d = -37 + 61. Let q be (-2)/(-30)*d*(-290)/(-4). Calculate the greatest common divisor of q and 29.
29
Suppose 19*y + 210 = 22*y. Suppose 5*g - y = -5*k, k - 3*k + 40 = 3*g. What is the greatest common divisor of 3 and g?
3
Let u = 8 - 28. Let s be ((-8)/24 + u/(-6))*1. Let n be ((-5)/((-10)/12))/1. What is the greatest common factor of s and n?
3
Let x = 238 + -229. Calculate the highest common divisor of x and 18.
9
Suppose -4*h + 231 = -h. Let w(o) = 55 - 3*o - 35 + 2*o - 27. Let m be w(-18). Calculate the greatest common divisor of m and h.
11
Suppose -v - 11 = -17. Let l be (75/v)/((-4)/(-8)). Calculate the highest common divisor of 5 and l.
5
Let v(k) = -50*k**2 - 62*k - 1. Let t be v(-1). Let h(r) = -r**2 + 7*r - 1. Let z be h(3). What is the greatest common divisor of z and t?
11
Let s(t) = -4*t**3 - 10*t**2. Let n(r) = -r**3 - r**2 - r - 1. Let f(i) = 3*n(i) - s(i). Let p be f(3). Calculate the highest common divisor of 6 and p.
6
Let i = 84 - -91. Let a = -119 + i. What is the highest common factor of a and 42?
14
Let y be 18 - (-5)/((-40)/32). Let b(g) = -g**3 + 3*g**2 + 3*g - 2. Let j be b(3). Calculate the highest common divisor of y and j.
7
Let o = -342 + 615. What is the greatest common divisor of o and 147?
21
Let i be (-412)/(-24) + (3 - 1)/(-12). Let p(y) = 4*y - 24. Let h be p(i). What is the greatest common factor of 4 and h?
4
Let z = 100 - 50. Let j(p) = -2*p + 4. Let h be 13/(-4) + (-2)/(-8). Let n be j(h). What is the greatest common divisor of n and z?
10
Let o be -8*(-1)/(-2)*-2. Suppose -5*r = -2*b + b - 5, -4*r = -o. Suppose 0 = -j + 27 - 12. What is the highest common divisor of b and j?
5
Let w = -7 - -10. Suppose 3*g = -3*s + 6*s + w, 3*g + 4*s - 3 = 0. Let o(d) = 4*d + 2. Let y be o(g). What is the greatest common factor of 24 and y?
6
Let d(s) = -80*s. Let c be d(-1). Calculate the greatest common divisor of 120 and c.
40
Let z = 1 + 29. Suppose 3*s = 7*s. Let j be (2 - s)*(-50)/(-5). What is the highest common factor of j and z?
10
Let y = 47 - -48. What is the greatest common divisor of y and 19?
19
Let s = -8 + 27. Suppose -f + 132 = f. Suppose -j = o + j - f, -4*o - 2*j + 294 = 0. Calculate the highest common divisor of s and o.
19
Let a be (-5 + 7)*(4 + 76). Calculate the highest common factor of a and 5.
5
Let u = -151 + 391. Calculate the greatest common divisor of 16 and u.
16
Suppose -2*y = -3*t + 388, -4*y + 6*y + 256 = 2*t. Let p = -6 - -4. Let x be (-80)/30*9/p. Calculate the greatest common divisor of t and x.
12
Let q be 5*672/40*1/2. Calculate the greatest common factor of 126 and q.
42
Suppose -2*n + 3*x = 1 + 1, -3*x + 14 = 4*n. Let p be 7740/3655 + 2/(-17). What is the highest common divisor of n and p?
2
Let r = 30 + -27. Suppose -r*d + 231 = -2*d. What is the greatest common divisor of 21 and d?
21
Suppose -2*p - 3*y = -0*p - 13, 3*y - 11 = -p. Suppose 5*x - 4 = 16, x + 106 = p*i. Let n be (-2)/5 - (-27)/5. What is the greatest common divisor of i and n?
5
Suppose 0 - 6 = -d. Suppose -6*b = -37 - 251. Calculate the highest common divisor of d and b.
6
Let l be 17/((-204)/8) + -4 + 448/6. Let f(t) = -8*t - 4. Let b be f(-4). What is the greatest common divisor of b and l?
14
Let w = -1927 - -2111. What is the greatest common factor of w and 1564?
92
Suppose 4*y = 5*y + 21. Let r = y - -33. Calculate the greatest common divisor of r and 12.
12
Let m(c) be the third derivative of 1/24*c**4 + 13/30*c**5 + 0 + 1/2*c**3 - 10*c**2 + 0*c. Let p be m(-2). What is the highest common factor of p and 35?
35
Suppose -13*z = -8*z, 5*q = 2*z + 20. What is the highest common factor of q and 4?
4
Let h = -370 + 390. What is the greatest common divisor of 580 and h?
20
Suppose 4*f = -3*r + 13, f = 2*r + 15 + 2. Suppose -f = d - 8. Suppose -2*h + 1 = -d. What is the highest common divisor of 3 and h?
1
Let h = -128 + 240. What is the greatest common factor of h and 128?
16
Suppose -13*k + 11*k = -12. Let x be k + (2 - 1) + 4. What is the greatest common divisor of x and 176?
11
Let d be (-66)/(-9)*18/(-4). Let u = -27 - d. Suppose 0 = 2*a - 90 - 6. Calculate the greatest common factor of u and a.
6
Let p be 4/(28/49) - 2*-12. Calculate the greatest common factor of p and 2573.
31
Let z = 69 - 36. Let y(j) = 24*j**3 - 6*j**2 + 2*j + 2. Let w be y(1). What is the highest common factor of w and z?
11
Suppose 228 - 24 = 17*o. Calculate the highest common divisor of o and 150.
6
Suppose 49 = m + 5*n, -3*m + 5 = -5*n - 142. Let b = 82 - m. What is the greatest common divisor of 297 and b?
33
Let g be (-66)/(-44) - (-365)/2. What is the highest common divisor of g and 8?
8
Let t = -1480 - -25